 + l/(-15))/(12/30). What is the tens digit of ((-22)/(-3))/(v*1/(-24))?
8
Suppose 0 = -o - 5*k - 130, o + 4*k = 5*k - 100. Let v = o + 170. What is the tens digit of v?
6
Let u = 408 + -643. Let a be (376 - 12/3) + -2. Let g = u + a. What is the hundreds digit of g?
1
What is the hundreds digit of -3214*(-5 - (-80)/15)*(-9)/1?
6
Let q(l) = -974*l**2 + 3*l - 14. Let s be q(-4). What is the units digit of 49/294 - s/12?
1
Suppose -14*y + 274 + 496 = 0. Suppose 9526 = -44*h + y*h. What is the units digit of h?
6
Let f(d) = 9*d**2 + 47. Let h(k) = -k - 46. Let s be h(-38). What is the units digit of f(s)?
3
Let g(a) = -76*a**3 - 28*a**2 - 128*a + 42. What is the thousands digit of g(-6)?
6
Let t(c) = c**3 + 8*c**2 - 17*c - 2. Let i be t(-9). Suppose -i*u + 2640 = -65*u. What is the tens digit of u?
2
Suppose -8*a + 193 = -519. Suppose 4*s - 564 = 4*y, 2*s = 5*y + 380 - a. Suppose 2*c - 45 = 5*i + s, 0 = -c + 2*i + 91. What is the tens digit of c?
8
Suppose 11*q + 4*i = 10*q + 12869, 0 = -4*i - 28. What is the units digit of q?
7
Let a(y) = 3*y**2 - 110*y + 210. What is the thousands digit of a(-41)?
9
Suppose -24*n + 116 + 4 = 0. Suppose 2*l = 5*f + 1185 + 289, 3*f = n*l - 3723. What is the tens digit of l?
4
Let z(k) = -753*k - 348. Let b be z(-7). Suppose a - 4*a + 3696 = -5*q, b = 4*a - 5*q. What is the thousands digit of a?
1
Let w = -1 + 1. Suppose w = 4*i - 210 - 190. Suppose 2*r = -3*r + i. What is the tens digit of r?
2
Let z = -63 - -62. Let d(a) = a + 4. Let r be d(z). Suppose g + n + 104 = r*g, 4*n + 216 = 4*g. What is the tens digit of g?
5
Let y(j) = -2*j**2 + 98*j + 2. Let l be y(49). Suppose -2*b + 4*t = -2202, 5*t + 2202 = l*b + 8*t. What is the thousands digit of b?
1
Suppose 4*w = l - 11888, 2*l - 4*w = 22630 + 1166. What is the hundreds digit of l?
9
Let h = -203 + 207. Suppose 4*r - 2*r = -h, 4*l + 3*r = 914. What is the units digit of l?
0
Let n(l) = -l + 49. Suppose 1 = m - 3. Suppose 15 = v + i, 6*i - m*i = 3*v - 45. What is the tens digit of n(v)?
3
Let f(b) = -73*b + 35. Let x be f(-1). Suppose x*v + 1936 = 119*v. What is the units digit of v?
6
Let n = -23096 + 39137. What is the ten thousands digit of n?
1
Suppose 8*u = 43040 + 12304. What is the thousands digit of u?
6
Suppose -2*a = -982 - 4992 - 554. What is the units digit of a?
4
Let f = 4326 + -3208. What is the tens digit of f?
1
What is the thousands digit of ((-493284)/185)/(12/(-40))?
8
Let w be (-1 - 2/(-2))/2. Suppose w*k - 4*k + 5*a - 14936 = 0, 5*k - 5*a + 18670 = 0. What is the units digit of k/(-16) + (-33)/88?
3
Suppose 0 = 2*s - 5*o + 21, 0 = 3*s + 5*o - 32 + 1. What is the tens digit of s/14 + 47020/140?
3
Let h(t) = 4*t**2 - 11*t + 1. Let q be h(3). What is the tens digit of (-1278)/(-8) + 1/q?
6
Let h(a) be the third derivative of 22*a**2 + 85/2*a**3 + 0*a**5 + 1 + 1/12*a**4 + 0*a + 1/120*a**6. What is the hundreds digit of h(0)?
2
Let a(b) = b - 7. Let g be a(24). Suppose -g*c = -26*c + 2007. What is the units digit of c?
3
Let p(b) = b**3 - 2*b**2 + b + 58. Let l(j) = j**2 + 13*j. Let i be l(-13). Let d be p(i). Let a = -42 + d. What is the units digit of a?
6
Let p(d) = d**3 - 35*d**2 + 75*d + 229. What is the thousands digit of p(35)?
2
Let p = -11878 - -11974. Suppose -4*u = -2*u - 6. Suppose 3*b + 4*l + 0*l = 46, -u*l - p = -5*b. What is the tens digit of b?
1
Let c(j) = j**3 - 2*j**2 + 12*j - 2. Let q be c(4). Suppose -q*l + 90*l - 8796 = 0. What is the tens digit of l?
3
Let s be 3/6 - 130/(-4). What is the units digit of (-2)/(-6) + 12001/s?
4
Suppose -14*m + 10*m - d = -5, 0 = -d + 5. Suppose -z + 98 + 83 = 2*j, m = -z + 3. What is the units digit of j?
9
Let u = -498 + 500. Suppose u*r = -8*r + 6750. What is the hundreds digit of r?
6
Let u be ((-8)/6)/4*(3 + -27). What is the tens digit of (3302/6 + u/12)*1?
5
Suppose 99*v - 103*v = -7264. Suppose 5*r - 1909 = v. What is the units digit of r?
5
Suppose -19773 - 7971 = -4*u. Suppose 10*p = 5064 + u. What is the units digit of p?
0
Suppose 0 = 2*n + 4*w - 62622, 3*n = -1849*w + 1848*w + 93968. What is the units digit of n?
5
Suppose -o + 8 = -4*f + 4*o, -4*f + 2*o = -4. Suppose 59 = r - 5*j - 327, f = j. What is the tens digit of r?
0
Let x(i) = 2*i**2 - 13*i - 14. Suppose 58 = -4*a + 178. Let m = a - 19. What is the tens digit of x(m)?
8
Suppose 0 = -2*l - 5 + 17. Let a be 2/(4/(-2))*(-218 + 205). Suppose -a*s + 252 = -l*s. What is the units digit of s?
6
Let x be -8 + 9 - 2*3/6. Suppose x = -7*l + 1536 + 1397. What is the hundreds digit of l?
4
Let z(t) = -t**3 + 10*t**2 - 2*t - 13. Let s(n) = -3*n - 7. Let o be s(-4). Suppose 2*d - 14 = 3*p, 23 - 9 = 2*d - o*p. What is the tens digit of z(d)?
2
Let k = 6 - 2. Suppose 5*r + 3*i = 910, 23*i = -5*r + 21*i + 910. Suppose k*l - r = 3*l. What is the units digit of l?
2
Let y(l) = 1786*l + 2690. What is the ten thousands digit of y(12)?
2
Let u(x) = -488 + 986 - 487 + 8*x. Suppose 0 = 2*w - 2*t - 22, -3*w - 2*t = -2 - 36. What is the units digit of u(w)?
7
Let c be (-315)/(-441) - (-174)/21. Let p(n) = -n**2 + 4*n. Let q be p(4). Suppose k = 2*b, -4*k + 7*b - 2*b + c = q. What is the units digit of k?
6
Let r = -601 - 318. Let f = -627 - r. Suppose m = -5*a + 2*m + f, 2*a = -2*m + 112. What is the tens digit of a?
5
What is the ten thousands digit of -4 - (-27)/7 - 2177100/(-210)?
1
Suppose -9*t + 8*t = -8. Let d(w) = -2*w**2 + 19*w - 19. Let i be d(t). Suppose -4*l - i*a + 541 = 0, l - 3*a + 539 = 5*l. What is the tens digit of l?
3
Let q = 165 + -161. Suppose 0*g - 9 = -4*g + t, -4*t + 4 = 4*g. Suppose 2*w = 4*x - 226, -g*x - q*w = -x - 43. What is the units digit of x?
5
Let j = 36 - -4. Let g = 13 - j. Let f = g - -80. What is the tens digit of f?
5
Let t = 177 - 168. Let j(c) = c**2 + 9*c - 46. What is the tens digit of j(t)?
1
Suppose -5*p - 54 + 77 = 4*z, -3*z + 18 = 4*p. Suppose 0 = -6*r - 3*s + 7773, z*r - 2295 - 290 = s. What is the units digit of r?
4
Let u be (-5875)/(-188) + 10/(-8). Let c(v) = 2*v**2 - 15*v - 61. What is the thousands digit of c(u)?
1
Let j = -573 + 577. Suppose -s + 604 = -j*u, 5*s - 5*u - 2710 = 235. What is the hundreds digit of s?
5
Let y(o) = 11 - 62*o + 45 - 28*o. What is the units digit of y(-9)?
6
Suppose -4*f + 2 = -3*f. Suppose f*q - 3*d - 118 = -2*q, 3*d = -3*q + 78. What is the units digit of ((63/q)/3)/((-1)/(-100))?
5
Let t(c) = 66*c + 12. Let f be t(-5). Let b be (2 - f/15)*10. Let k = b - 122. What is the hundreds digit of k?
1
Let u(l) = l**3 + 3*l**2. Let g be u(-3). Let x be (41 - -3)*3/12 - g. Suppose -5*h = -3*p - 192 + x, 2*h = -4*p + 88. What is the units digit of h?
8
Let i(s) = -2*s**3 - s**2 - 6*s - 6. Let m be i(7). What is the tens digit of m/(-4) - (-1 + (-49)/(-28))?
9
Let t(q) = -57*q**2 + 2*q + 10. Let w be t(3). Let z = -91 - w. What is the hundreds digit of z?
4
Suppose -5*g + 2*u = -4832, -4*u - 1 = -3*u. Suppose 5*h = 12*h - g. Let y = -76 + h. What is the units digit of y?
2
Suppose 4*j = o + 2692, -5*o + 281 = j - 371. What is the tens digit of ((-8)/(-16))/(4/j)?
8
Let r(w) = -232*w - 3. Let m be r(-1). Let o = -29 + m. What is the units digit of o?
0
Let k(x) be the second derivative of 0 + 3/2*x**3 + 1/2*x**2 + 9*x + 1/4*x**4. What is the tens digit of k(-7)?
8
Let o = 10 - 10. Let c be (-1 - 1)/(-2)*126 + o. Suppose 3*b - c = -0*b. What is the units digit of b?
2
Let d(y) = -6*y**3 - 4*y**2 + 3*y + 4. Let o be d(2). Let m = o + 102. What is the units digit of m?
8
Let i = -1361 + 3974. Let q = -1385 + i. What is the thousands digit of q?
1
Let o be 1/(-2*1/(-138)). Let m(s) = 3*s**2 - 7*s - 32. Let z be m(3). Let g = z + o. What is the tens digit of g?
4
Let s(u) = 301*u**2 - 38*u - 17. What is the tens digit of s(-6)?
4
Let w(u) = -402*u**2 - 2*u - 3. Let o(s) = 134*s**2 + s + 1. Let f(k) = -8*o(k) - 3*w(k). Let y be f(1). Suppose y + 119 = 6*n. What is the tens digit of n?
4
Let f = 62 - 90. Let z = 281 - f. Let s = z + -190. What is the hundreds digit of s?
1
Suppose 10665 = m + 2*l, -5*m + 169*l - 165*l = -53409. What is the units digit of m?
7
Suppose -67439 = -4*j - 20939. Suppose 0 = -15*c - 0*c + j. What is the hundreds digit of c?
7
Suppose 19*d - 32909 = 334741. What is the tens digit of d?
5
Suppose 2*f = f - j + 4, 2*j - 8 = -f. Suppose -c - u = 3, 0 = -f